0*r + 77. What is l(0)?
77
Let x(z) = -12*z**2 - 2868*z + 13. Calculate x(-239).
13
Let n(g) = -g**3 - 4*g**2 - 8*g - 35. Give n(-3).
-20
Let t(u) = 17*u**2 - 1005*u + 124. Calculate t(59).
6
Let i(r) = -5*r**3 + 46*r**2 - 75*r - 20. What is i(7)?
-6
Let q(l) = -10*l - 182. Give q(-15).
-32
Let l(z) = 2*z**2 + 188*z + 4129. Give l(-34).
49
Let d(f) = 2*f**3 - 6*f**2 - 23*f + 20. Determine d(5).
5
Let c(k) = 8*k**2 - 691*k + 209. Give c(86).
-49
Let r(q) = 1844*q - 25820. Calculate r(14).
-4
Let t(i) = 3*i**2 - 94*i - 1397. Calculate t(-11).
0
Let a(w) = 88*w + 738. What is a(-8)?
34
Let b(a) = 393*a - 10246. Determine b(26).
-28
Let r(x) = -x**2 + 8*x + 27. Calculate r(8).
27
Let z(l) = -l**2 + 56*l + 573. What is z(-9)?
-12
Let o(d) = d**2 + 293*d - 2159. What is o(7)?
-59
Let m(v) = v**3 + 11*v**2 + 19*v - 47. What is m(-8)?
-7
Let x(h) = 2*h**2 - 21*h - 94. Calculate x(12).
-58
Let r(c) = -c**3 - 8*c**2 - 20*c - 65. Determine r(-4).
-49
Let p(b) = 472*b + 2850. Give p(-6).
18
Let v(q) = 5202*q - 41612. Determine v(8).
4
Let z(y) = -y**2 - 41*y - 47. Give z(-19).
371
Let p(r) = 117*r + 453. Give p(-4).
-15
Let z(r) = 55*r - 825. What is z(15)?
0
Let m(w) = -411*w + 431. Determine m(1).
20
Let a(w) = -1143*w - 2279. What is a(-2)?
7
Let w(x) = 2*x**2 - 137*x + 764. What is w(63)?
71
Let m(a) = 408*a + 3126. What is m(-8)?
-138
Let s(o) = 149*o + 1038. What is s(-7)?
-5
Let z(k) = k**3 - 26*k**2 + 37*k - 130. Calculate z(25).
170
Let l(x) = -121*x + 2092. Calculate l(17).
35
Let n(j) = -j**3 + 18*j**2 - 50*j - 82. Give n(14).
2
Let a(j) = 2*j**2 + 136*j + 393. Calculate a(-65).
3
Let i(n) = 3*n**3 + 94*n**2 + 38*n + 205. Calculate i(-31).
-12
Let k(c) = -2*c**3 + 34*c**2 - 8*c - 5. What is k(16)?
379
Let g(x) = 4*x**2 - 129*x - 237. Give g(34).
1
Let x(b) = b**3 + 15*b**2 + 26*b + 198. Determine x(-14).
30
Let z(k) = -621*k + 70768. Give z(114).
-26
Let d(s) = -80*s - 347. What is d(-4)?
-27
Let n(r) = 8*r**2 + 68*r + 196. Give n(-3).
64
Let p(x) = -301*x + 11455. Give p(38).
17
Let k(g) = -2*g**3 - g**2 + 39*g - 4. Determine k(0).
-4
Let t(x) = x**2 + 44*x + 420. Determine t(-40).
260
Let k(t) = 5*t**3 + 25*t**2 - 39*t - 194. What is k(-5)?
1
Let w(p) = -11*p - 12. Determine w(-4).
32
Let g(o) = 58*o + 2875. Calculate g(-49).
33
Let s(d) = -213*d + 11605. Determine s(54).
103
Let u(k) = -k**3 + 47*k**2 + 42*k + 289. Determine u(48).
1
Let c(v) = 22*v - 614. Calculate c(7).
-460
Let k(b) = 337*b - 2708. Give k(8).
-12
Let a(u) = 89*u + 608. Give a(-7).
-15
Let j(l) = l**3 + 57*l**2 + 206*l - 18. What is j(-4)?
6
Let j(a) = -1559*a + 10972. Give j(7).
59
Let f(p) = -p**2 + 63*p - 797. What is f(47)?
-45
Let p(l) = l**2 + 14*l + 51. Determine p(-7).
2
Let l(h) = -17*h**2 - 725*h + 252. Give l(-43).
-6
Let o(u) = -160*u + 626. Calculate o(4).
-14
Let z(d) = 140*d - 829. What is z(6)?
11
Let r(f) = -f**3 - 3*f**2 - 43*f - 154. Calculate r(-4).
34
Let v(a) = -11*a - 162. Give v(19).
-371
Let m(j) = 5*j**2 - j + 236. What is m(0)?
236
Let j(l) = -19*l + 98. What is j(4)?
22
Let f(q) = 8*q**3 - 8*q**2 + 22*q - 27. Give f(4).
445
Let i(p) = p**3 + 22*p**2 + 32. Determine i(-22).
32
Let k(o) = 6259*o + 37558. Determine k(-6).
4
Let m(c) = c**2 - 38*c - 921. Give m(-17).
14
Let k(m) = -m**3 - 13*m**2 - 3*m - 49. What is k(-13)?
-10
Let p(v) = -37*v + 821. Give p(23).
-30
Let h(x) = 8*x**2 - 567*x - 58. Determine h(71).
13
Let q(z) = -2*z**2 - 194*z - 3488. Determine q(-23).
-84
Let j(g) = -23*g**3 - 2*g**2 + 2*g + 2. Calculate j(-1).
21
Let y(a) = 312*a - 5628. Calculate y(18).
-12
Let x(y) = -521*y - 7296. What is x(-14)?
-2
Let v(j) = j**2 + 2660*j + 23856. What is v(-9)?
-3
Let h(q) = -q**3 + 5*q**2 - 21*q + 109. Determine h(5).
4
Let g(i) = -i**2 + 36*i - 309. What is g(15)?
6
Let w(s) = -31*s**3 - 7*s**2 - 9*s - 1. Give w(-1).
32
Let v(g) = 2*g**3 - 20*g**2 + 56*g - 11. Give v(6).
37
Let x(t) = t**2 - 12*t - 93. Calculate x(-7).
40
Let m(x) = -85*x + 17. Determine m(2).
-153
Let r(z) = z**2 + 20*z + 92. Determine r(-16).
28
Let k(a) = -2*a**2 + 121*a + 458. Calculate k(64).
10
Let t(x) = x**3 - 17*x**2 + 6*x - 87. Calculate t(17).
15
Let v(g) = -2*g**3 + 10*g**2 - 22*g + 36. Determine v(5).
-74
Let a(u) = -2*u**2 + 27*u - 21. What is a(7)?
70
Let h(j) = 837*j - 24385. What is h(29)?
-112
Let a(d) = -67*d + 12924. Determine a(193).
-7
Let o(h) = 153*h**2 + 2298*h + 29. Give o(-15).
-16
Let v(o) = -o**3 + 77*o**2 + 88*o - 779. Give v(78).
1
Let n(b) = -2*b**3 + 24*b**2 + 63*b - 491. Determine n(13).
-10
Let h(w) = -3*w**3 + 33*w**2 + 17*w + 1. Calculate h(11).
188
Let h(v) = -2*v**2 + 196*v - 386. Calculate h(96).
-2
Let l(t) = 2*t**2 + 96*t + 763. Determine l(-38).
3
Let f(t) = -t**3 + 45*t**2 + 145*t + 5. Give f(-3).
2
Let z(a) = -630*a - 11788. What is z(-19)?
182
Let t(l) = -161*l - 1328. Determine t(-9).
121
Let a(s) = -16*s**2 - 55*s - 6. Give a(-5).
-131
Let q(o) = -o**2 - 12*o - 32. Give q(13).
-357
Let p(j) = -j**3 - 2*j**2 - 2*j - 1. What is p(-1)?
0
Let n(m) = -393*m - 1963. What is n(-5)?
2
Let u(y) = -216*y + 6054. What is u(28)?
6
Let m(k) = 44*k + 3962. What is m(-90)?
2
Let g(f) = f**3 + 22*f**2 + 9*f - 45. Give g(-22).
-243
Let l(x) = 3*x**2 + 20*x - 114. What is l(-10)?
-14
Let a(x) = 146*x - 15. Give a(0).
-15
Let q(o) = -10*o**2 + 243*o + 477. What is q(-2)?
-49
Let w(i) = i**2 + 15*i - 30. Determine w(-7).
-86
Let v(q) = -463*q + 3262. Give v(7).
21
Let b(x) = 11480*x + 103326. Calculate b(-9).
6
Let n(a) = 2*a**3 - 15*a**2 - 18*a - 3. Give n(9).
78
Let t(x) = -4*x**2 + 63*x - 78. What is t(15)?
-33
Let u(h) = 2*h**2 - 148*h + 852. Give u(6).
36
Let c(j) = 72*j - 2224. Determine c(31).
8
Let a(r) = -170*r - 99. Give a(2).
-439
Let o(d) = d**3 - 57*d**2 - 127*d + 527. Calculate o(59).
-4
Let v(w) = w**3 + 29*w**2 - 76*w - 430. Determine v(-31).
4
Let v(a) = -23*a - 285. Determine v(-14).
37
Let o(z) = z**2 + 69*z + 193. Calculate o(-62).
-241
Let q(r) = 92*r - 104. What is q(1)?
-12
Let l(i) = i**3 + 44*i**2 + 118*i - 214. Give l(-41).
-9
Let j(h) = -69*h - 361. What is j(-4)?
-85
Let s(f) = -f**3 + 18*f**2 - 113*f + 772. Determine s(14).
-26
Let c(d) = d**3 - 22*d**2 - 76*d + 46. What is c(25)?
21
Let r(o) = -o**3 - 4*o**2 - 12*o - 27. Calculate r(-6).
117
Let l(w) = -58*w + 5569. Give l(96).
1
Let m(x) = -39*x**3 - 17*x + 32. Determine m(2).
-314
Let q(j) = 34*j**2 + 1566*j + 113. Determine q(-46).
21
Let o(d) = d**3 + 159*d**2 - 818*d + 1. Determine o(5).
11
Let y(m) = -316*m + 4434. Calculate y(14).
10
Let j(n) = 18*n - 100. Calculate j(6).
8
Let u(x) = 11*x**3 + x**2 + 7*x - 16. Give u(2).
90
Let i(w) = -85*w - 8835. Give i(-104).
5
Let z(s) = s**3 + 16*s**2 + 13*s - 6. What is z(-6)?
276
Let s(b) = -44*b**3 - 2*b**2 - 4*b - 2. Calculate s(-1).
44
Let d(l) = -l**3 + 36*l**2 - 101*l + 63. Determine d(33).
-3
Let h(j) = -205*j - 171. Give h(-1).
34
Let q(a) = -13424*a + 13. Determine q(0).
13
Let z(s) = 5*s**3 - 990*s**2 - 6*s + 1176. Determine z(198).
-12
Let c(v) = 2*v + 157. Calculate c(-32).
93
Let g(w) = -76*w + 892. Give g(12).
-20
Let y(z) = 5*z**3 - 100*z**2 - 40*z + 765. Calculate y(20).
-35
Let n(c) = 870*c + 60. Determine n(0).
60
Let p(a) = -a**3 - a**2 + 55*a + 32. Calculate p(8).
-104
Let f(g) = -133*g + 1053. Determine f(8).
-11
Let t(m) = -6*m**3 + 6*m**2 + 19*m + 23. Give t(-2).
57
Let l(x) = x**2 + 6*x - 62. Calculate l(-11).
-7
Let u(p) = 54371*p + 108739. What is u(-2)?
-3
Let x(n) = 41*n**2 - 3570*n + 264. Calculate x(87).
3
Let q(w) = -2*w**2 - 4*w - 2. Calculate q(-4).
-18
Let l(q) = 3*q**2 - 228*q + 3028. Give l(59).
19
Let x(y) = 1487*y - 75836. Calculate x(51).
1
Let z(p) = 2*p**2 - 60*p + 163. Calculate z(26).
-45
Let d(i) = -i**2 - 53*i - 733. What is d(-27)?
-31
Let j(o) = 17*o**2 - 571*o + 571. Determine j(1).
17
Let q(m) = -50*m + 471. Calculate q(9).
21
Let k(w) = w**2 - 241*w - 723. What is k(-3)?
9
Let k(b) = b**3 - 213*b**2 + 623*b + 1472. What is k(210)?
2
Let s(n) = -1176*n + 8237. What is s(7)?
5
Let l(p) = -p**2 + 35*p + 193. Determine l(40).
-7
Let s(o) = -5*o**2 - 55*o - 153. Calculate s(-5).
-3
Let j(s) = -7*s**2 + 147*s - 384. What is j(3)?
-6
Let y(j) = -2*j**3 + 8*j**2 - 199*j - 705. Determine y(-3).
18
Let g(a) = 11*a - 4. Give g(4).
40
Let x(m) = -2*m**2 + 78*m - 413. Give x(3